
{"id":3551,"date":"2018-08-07T16:33:58","date_gmt":"2018-08-07T19:33:58","guid":{"rendered":"http:\/\/voxcwb.com.br\/w\/?post_type=product&#038;p=3551"},"modified":"2019-03-13T18:58:19","modified_gmt":"2019-03-13T21:58:19","slug":"candelabro-de-chao-rustico-galicia","status":"publish","type":"product","link":"http:\/\/voxcwb.com.br\/w\/produto\/candelabro-de-chao-rustico-galicia\/","title":{"rendered":"Candelabro de ch\u00e3o r\u00fastico Gal\u00edcia"},"content":{"rendered":"<p>em ferro e cip\u00f3 natural (2,22m)<\/p>\n","protected":false},"excerpt":{"rendered":"<p>em ferro e cip\u00f3 natural (2,22m)<\/p>\n","protected":false},"featured_media":3552,"template":"","meta":[],"product_cat":[67],"product_tag":[],"_links":{"self":[{"href":"http:\/\/voxcwb.com.br\/w\/wp-json\/wp\/v2\/product\/3551"}],"collection":[{"href":"http:\/\/voxcwb.com.br\/w\/wp-json\/wp\/v2\/product"}],"about":[{"href":"http:\/\/voxcwb.com.br\/w\/wp-json\/wp\/v2\/types\/product"}],"wp:featuredmedia":[{"embeddable":true,"href":"http:\/\/voxcwb.com.br\/w\/wp-json\/wp\/v2\/media\/3552"}],"wp:attachment":[{"href":"http:\/\/voxcwb.com.br\/w\/wp-json\/wp\/v2\/media?parent=3551"}],"wp:term":[{"taxonomy":"product_cat","embeddable":true,"href":"http:\/\/voxcwb.com.br\/w\/wp-json\/wp\/v2\/product_cat?post=3551"},{"taxonomy":"product_tag","embeddable":true,"href":"http:\/\/voxcwb.com.br\/w\/wp-json\/wp\/v2\/product_tag?post=3551"}],"curies":[{"name":"wp","href":"https:\/\/api.w.org\/{rel}","templated":true}]}}