
{"id":4325,"date":"2018-09-07T10:59:28","date_gmt":"2018-09-07T13:59:28","guid":{"rendered":"http:\/\/voxcwb.com.br\/w\/?post_type=product&#038;p=4325"},"modified":"2018-12-10T23:30:19","modified_gmt":"2018-12-11T01:30:19","slug":"taca-adamantada-ambar-para-agua-ou-vinho","status":"publish","type":"product","link":"http:\/\/voxcwb.com.br\/w\/produto\/taca-adamantada-ambar-para-agua-ou-vinho\/","title":{"rendered":"ta\u00e7a adamantada \u00e2mbar para \u00e1gua ou vinho"},"content":{"rendered":"","protected":false},"excerpt":{"rendered":"","protected":false},"featured_media":4411,"template":"","meta":[],"product_cat":[76],"product_tag":[],"_links":{"self":[{"href":"http:\/\/voxcwb.com.br\/w\/wp-json\/wp\/v2\/product\/4325"}],"collection":[{"href":"http:\/\/voxcwb.com.br\/w\/wp-json\/wp\/v2\/product"}],"about":[{"href":"http:\/\/voxcwb.com.br\/w\/wp-json\/wp\/v2\/types\/product"}],"wp:featuredmedia":[{"embeddable":true,"href":"http:\/\/voxcwb.com.br\/w\/wp-json\/wp\/v2\/media\/4411"}],"wp:attachment":[{"href":"http:\/\/voxcwb.com.br\/w\/wp-json\/wp\/v2\/media?parent=4325"}],"wp:term":[{"taxonomy":"product_cat","embeddable":true,"href":"http:\/\/voxcwb.com.br\/w\/wp-json\/wp\/v2\/product_cat?post=4325"},{"taxonomy":"product_tag","embeddable":true,"href":"http:\/\/voxcwb.com.br\/w\/wp-json\/wp\/v2\/product_tag?post=4325"}],"curies":[{"name":"wp","href":"https:\/\/api.w.org\/{rel}","templated":true}]}}