
{"id":4502,"date":"2018-08-20T14:11:18","date_gmt":"2018-08-20T17:11:18","guid":{"rendered":"http:\/\/voxcwb.com.br\/w\/?post_type=product&#038;p=4502"},"modified":"2019-03-14T11:15:26","modified_gmt":"2019-03-14T14:15:26","slug":"puff-em-marmore-com-iluminacao-interna","status":"publish","type":"product","link":"http:\/\/voxcwb.com.br\/w\/produto\/puff-em-marmore-com-iluminacao-interna\/","title":{"rendered":"puff em m\u00e1rmore com ilumina\u00e7\u00e3o interna"},"content":{"rendered":"<p>50x50x50<br \/>\npode ser usado como mesa lateral<\/p>\n","protected":false},"excerpt":{"rendered":"<p>50x50x50 pode ser usado como mesa lateral<\/p>\n","protected":false},"featured_media":7612,"template":"","meta":[],"product_cat":[74],"product_tag":[],"_links":{"self":[{"href":"http:\/\/voxcwb.com.br\/w\/wp-json\/wp\/v2\/product\/4502"}],"collection":[{"href":"http:\/\/voxcwb.com.br\/w\/wp-json\/wp\/v2\/product"}],"about":[{"href":"http:\/\/voxcwb.com.br\/w\/wp-json\/wp\/v2\/types\/product"}],"wp:featuredmedia":[{"embeddable":true,"href":"http:\/\/voxcwb.com.br\/w\/wp-json\/wp\/v2\/media\/7612"}],"wp:attachment":[{"href":"http:\/\/voxcwb.com.br\/w\/wp-json\/wp\/v2\/media?parent=4502"}],"wp:term":[{"taxonomy":"product_cat","embeddable":true,"href":"http:\/\/voxcwb.com.br\/w\/wp-json\/wp\/v2\/product_cat?post=4502"},{"taxonomy":"product_tag","embeddable":true,"href":"http:\/\/voxcwb.com.br\/w\/wp-json\/wp\/v2\/product_tag?post=4502"}],"curies":[{"name":"wp","href":"https:\/\/api.w.org\/{rel}","templated":true}]}}