
{"id":4678,"date":"2018-09-09T15:00:08","date_gmt":"2018-09-09T18:00:08","guid":{"rendered":"http:\/\/voxcwb.com.br\/w\/?post_type=product&#038;p=4678"},"modified":"2018-12-18T11:32:17","modified_gmt":"2018-12-18T13:32:17","slug":"sofa-pop-kartell-floral-em-acrilico-2-lugares","status":"publish","type":"product","link":"http:\/\/voxcwb.com.br\/w\/produto\/sofa-pop-kartell-floral-em-acrilico-2-lugares\/","title":{"rendered":"Sof\u00e1 Pop Kartell floral em acr\u00edlico &#8211; 2 lugares"},"content":{"rendered":"<p>(dispon\u00edvel at\u00e9 10 lugares)<\/p>\n","protected":false},"excerpt":{"rendered":"<p>(dispon\u00edvel at\u00e9 10 lugares)<\/p>\n","protected":false},"featured_media":4536,"template":"","meta":[],"product_cat":[75],"product_tag":[],"_links":{"self":[{"href":"http:\/\/voxcwb.com.br\/w\/wp-json\/wp\/v2\/product\/4678"}],"collection":[{"href":"http:\/\/voxcwb.com.br\/w\/wp-json\/wp\/v2\/product"}],"about":[{"href":"http:\/\/voxcwb.com.br\/w\/wp-json\/wp\/v2\/types\/product"}],"wp:featuredmedia":[{"embeddable":true,"href":"http:\/\/voxcwb.com.br\/w\/wp-json\/wp\/v2\/media\/4536"}],"wp:attachment":[{"href":"http:\/\/voxcwb.com.br\/w\/wp-json\/wp\/v2\/media?parent=4678"}],"wp:term":[{"taxonomy":"product_cat","embeddable":true,"href":"http:\/\/voxcwb.com.br\/w\/wp-json\/wp\/v2\/product_cat?post=4678"},{"taxonomy":"product_tag","embeddable":true,"href":"http:\/\/voxcwb.com.br\/w\/wp-json\/wp\/v2\/product_tag?post=4678"}],"curies":[{"name":"wp","href":"https:\/\/api.w.org\/{rel}","templated":true}]}}

Sofá Pop Kartell floral em acrílico &#8211; 2 lugares

<p>(disponível até 10 lugares)</p>
